2. List the prime factors of -1*k*(2 - 1).
11
Let n = -1 + 3. Suppose 4*l - j - 20 = 0, -n*l = -j - 0*j - 10. What are the prime factors of l?
5
Let i = 27 + -16. Let v = 1 + i. Suppose -4*f + v = -0*f. What are the prime factors of f?
3
Suppose 5*q = -2*r - 11, -2*q = -r + q + 11. Suppose u + r*u = 0. Suppose u*g + g - 9 = 0. List the prime factors of g.
3
Let u(y) = -y**3 - 5*y**2 + 2*y - 8. Let b be 0 + (3 - -7)/2. Suppose 19 + 14 = -b*r + q, -2*q = r. What are the prime factors of u(r)?
2
Suppose y - 40 = 16. List the prime factors of y.
2, 7
Let u be 0 - -4 - (-5 - -6). Suppose l = u*l - 6. List the prime factors of l.
3
Suppose 3*p - 4 - 17 = 0. Let f = p - 4. Suppose 3*x - 27 = -0*t + f*t, -4*x = -5*t - 34. List the prime factors of x.
11
Let z(p) = 11*p**2 - 11*p**2 + 29 + p**3. List the prime factors of z(0).
29
Let q = 28 + -28. Suppose y - 32 = -q*c + c, 5*y - 154 = 2*c. What are the prime factors of y?
2, 3, 5
Let d = -8 - -49. List the prime factors of d.
41
Let h(x) = x**3 - 9*x**2 - 9*x + 23. What are the prime factors of h(11)?
2, 83
Let z = -2 + 11. Let c = -1 + z. List the prime factors of (1*c)/(4/4).
2
Let z = 10 - 6. Suppose -3*f + 4*f = z. What are the prime factors of f?
2
Let w = -7 + 38. What are the prime factors of w?
31
Suppose 185 + 421 = 3*u. What are the prime factors of u?
2, 101
Let s be 5 - 0*(-1)/4. Suppose -10 = -s*d + 10, -p - 3*d = -31. What are the prime factors of p?
19
Let y(d) = -11*d**2 + d - 6. Let s(m) = 10*m**2 - m + 5. Let h(f) = -7*s(f) - 6*y(f). Let p(x) be the first derivative of h(x). List the prime factors of p(-1).
3
Suppose p = -3*z + 2*p - 7, p - 1 = 0. Let w be 0 + z + 1 + 1. Suppose 5*u - 3*u - 22 = w. What are the prime factors of u?
11
Let c(s) be the second derivative of -s + 6*s**2 + 1/6*s**3 + 0. What are the prime factors of c(-10)?
2
Let x = -210 - -527. List the prime factors of x.
317
List the prime factors of 10/45 - (-1 - 8418/27).
313
Suppose 3*n - 6 = -0. Let s be (7 - n - 2)*1. Suppose 5*o - 3*x + 7 = 87, -5*o - s*x + 80 = 0. List the prime factors of o.
2
Let c(t) = -t - 2. Let g be c(-5). Suppose -g*i + 4*i - 3 = 0. What are the prime factors of (-3)/i*9*-1?
3
Let h(t) be the third derivative of t**7/2520 - t**6/360 + t**4/24 + t**2. Let q(l) be the second derivative of h(l). List the prime factors of q(-2).
2
Let p be (1 - -1)*(-2 - -5). Let r(v) = v**2 - 6*v + 7. List the prime factors of r(p).
7
Let i = -13 - 0. Let z = i - -28. List the prime factors of z.
3, 5
Let t(l) = 2*l**2 - l - 4. Let b be t(-3). Let m = 1 - 1. Suppose p + m*p - 3*w = b, -40 = -4*p + 5*w. What are the prime factors of p?
5
Let v(u) be the first derivative of -u**4/12 + u**3 + u**2 - 2*u - 3. Let q(z) be the first derivative of v(z). List the prime factors of q(6).
2
Let c(x) = -x**2 - 36*x + 60. What are the prime factors of c(-27)?
3, 101
Let x(o) = -o + 6. Let i be x(7). Let z = 4 - i. Suppose -z*c = -3*c - 6. What are the prime factors of c?
3
Suppose -5*u + 162 - 62 = 0. Suppose -2*r = -6, -15 = 2*b - 0*r - 5*r. Suppose 4*v = -b*v + u. What are the prime factors of v?
5
Let a = -2 - -8. Suppose 20 + a = 2*x. What are the prime factors of x?
13
Suppose -2*x - 5*p = 14 + 7, -5*x - p + 5 = 0. What are the prime factors of x*-11*(-1)/1?
2, 11
Suppose 4*q - 3*q - 21 = 4*a, -5*a = 4*q + 21. Let g(c) = 7*c. Let k be g(-1). What are the prime factors of (3 - q)*k/(-2)?
7
Suppose -5*k - 2 = -17. Let h = 7 - k. Suppose 4*x - h*s - 48 = 0, s - 2*s = -3*x + 28. List the prime factors of x.
2
Let c(t) be the third derivative of 1/24*t**4 + 0*t + t**2 + 2/3*t**3 + 0. List the prime factors of c(8).
2, 3
Suppose r - 4*j = 4, 3*r - 4*j + 4 = 16. Suppose 3*n - 5*n = -r*f + 150, -33 = -f + 2*n. List the prime factors of f.
3, 13
Let h(o) be the third derivative of -o**6/40 - o**5/15 - o**4/12 + o**3/3 - 4*o**2. List the prime factors of h(-2).
2, 7
Let a = -38 + -30. List the prime factors of (-9)/(-3) - a/2.
37
What are the prime factors of ((-224)/(-20) - 4)*5?
2, 3
List the prime factors of 6*16 + (7 - 9).
2, 47
Suppose -4*f + p + 133 = 0, -2*f + 89 = 4*p + 9. What are the prime factors of f?
2, 17
Let n(b) = -3*b + 2. Let a be n(2). Let c be ((-2)/(-6))/(a/(-60)). Suppose -s + c = -1. List the prime factors of s.
2, 3
Let p = -6 + 7. Let u = 10 - p. List the prime factors of (-3)/u*3*-9.
3
Let w(l) = 104*l. Let s(z) = -16*z. Let j(b) = -32*s(b) - 5*w(b). List the prime factors of j(-5).
2, 5
Suppose -4*v = -7*v + 63. List the prime factors of v.
3, 7
Let r be (-4)/14 + 6/21. Suppose 4*q - 19 - 17 = r. Suppose t = x, 3*x - t = -x + q. List the prime factors of x.
3
List the prime factors of (-8)/(-2) - 14/(-7).
2, 3
Let w = 365 - 212. What are the prime factors of w?
3, 17
Let l be 28/(-16)*(-1 - -5). Let d = l - -7. Suppose 5*o - 2*n - 46 - 36 = d, -2*o - 2*n + 44 = 0. List the prime factors of o.
2, 3
Let t be (1/(-2) + -1)*-6. Let o = 6 + t. List the prime factors of o.
3, 5
Let h(p) = -2 - 3 + 10*p + 2. List the prime factors of h(3).
3
Suppose -12 = i - 60. What are the prime factors of i?
2, 3
Let b(w) = 4*w - w**2 - 2*w + 3 - w. Let u be b(0). Suppose -3*f - 5 + 22 = 2*c, u*c = -4*f + 26. List the prime factors of c.
2, 5
Suppose -3*g = 2*h - 117, h + 3*h - 223 = 5*g. List the prime factors of h.
3, 19
Suppose -9 = 3*c, 5*s - 57 = c - 2*c. What are the prime factors of s?
2, 3
Suppose -c = -2*c + 28. Let r = c + 6. What are the prime factors of r?
2, 17
Let o(y) = y**2 + y. Let p be o(1). Suppose 0 = 3*x + x + 8. What are the prime factors of p*x/4 - -4?
3
Let h(p) = 4*p + 2. Let c(g) = 3*g + 1. Let d(z) = 3*c(z) - 2*h(z). List the prime factors of d(3).
2
Let o = 3 - 13. Let k = o + 64. List the prime factors of k.
2, 3
Let r(j) = j**3 - 3*j**2 - 2*j + 8. Let y be r(6). Suppose 0 = -5*x + y + 11. Suppose -2 = -5*i + x. List the prime factors of i.
5
Suppose 2 = 3*f - f. What are the prime factors of f/4 - (-69)/12?
2, 3
Let a(y) = -y**2 - 5*y - 3. Let j be a(-5). Let b be 15/20 + j/4. Suppose -u + 25 = 4*o, b = 3*u - 3 - 0. List the prime factors of o.
2, 3
Let n = 91 - 49. List the prime factors of n.
2, 3, 7
Suppose r + 1 - 3 = 0. Suppose -b = r*y + 4*b - 31, 127 = 4*y - 3*b. List the prime factors of y.
2, 7
Let o(z) = -2 - z**2 + z**3 + 2 + 1 - z. Let j be o(0). List the prime factors of (-2)/(j/(-4) - 0).
2
Let g(b) = -b**2 + 5*b - 1. Let y be g(5). Let p be y/(2/(6*-1)). Suppose q - 4*s + 52 = 6*q, -p*q + 4*s = -44. List the prime factors of q.
2, 3
Let o be (1 + -3)/(10/(-940)). Suppose -3*t + 66 = 2*x - 0*t, 0 = -5*x + 4*t + o. List the prime factors of x.
2, 3
Let w = 130 - 78. List the prime factors of w.
2, 13
Let a(c) = -c**3 + 6*c**2 - 5*c - 3. Let j be a(4). Suppose j = h - 6. What are the prime factors of h?
3, 5
Suppose 0 = 3*s - 6. Suppose w + 1 = s*b - 4*w, 4*b - 14 = -2*w. Suppose b*i - 4 = 2. What are the prime factors of i?
2
Suppose 5*y + 19 = 3*a, 3*y = -4*a + 4*y - 3. List the prime factors of (-41)/(3/6*a).
41
Suppose -4*g - 2*b + 11 = -3*g, 3*g + b = 8. List the prime factors of g/((-3)/(-10))*3.
2, 5
Suppose 26*i - 252 = 24*i. List the prime factors of i.
2, 3, 7
Let f(g) = g. Let i be f(-4). Let x be 84/9 - i/6. Suppose -x = -3*s - 2*s. What are the prime factors of s?
2
Suppose -2*z - w - 3*w + 36 = 0, 0 = 5*z + 2*w - 58. Let u(q) = q. List the prime factors of u(z).
2, 5
Let j(c) = c**3 - 7*c**2 + 1. Let f be j(7). Suppose 3*d - f - 5 = 0. What are the prime factors of d?
2
Let u be 10/14 - (-6)/21. Let n(j) = 15 - 1 - j + u. List the prime factors of n(7).
2
Suppose 4*i = -2*w, 0*i + i = 3*w. Suppose 58 = 2*z - 4*n, i = -z - 4*z + 3*n + 166. List the prime factors of z.
5, 7
Let m be (3/(-9))/((-4)/72). List the prime factors of 56/m + (-4)/(-6).
2, 5
Let u(f) = 3*f - 5*f - f + 2*f. What are the prime factors of u(-4)?
2
Suppose 8*k - 524 = 276. List the prime factors of k.
2, 5
Let h be 3/12 - 44/(-16). Suppose -n - n = 5*j - 59, -h*j - 2*n + 37 = 0. What are the prime factors of j?
11
Let u(y) = y. Let v be u(4). Suppose 0 = -3*w - 2 - v, 0 = c - w - 10. What are the prime factors of c?
2
Suppose -3 = x, 0*n + 12 = -2*n - 4*x. Suppose 5*r - 19 - 36 = n. What are the prime factors of r?
11
Let r be 3/(1 + 2) - 1. Suppose 50 = 5*c - r*c. List the prime factors o